{"id":399,"date":"2021-05-10T11:54:37","date_gmt":"2021-05-10T09:54:37","guid":{"rendered":"https:\/\/aditive.de\/shop\/?post_type=product&#038;p=399"},"modified":"2022-02-14T14:37:20","modified_gmt":"2022-02-14T13:37:20","slug":"schild-kartons-bitte-zerkleinern-aus-alu-dibond","status":"publish","type":"product","link":"https:\/\/aditive.de\/shop\/produkt\/schild-kartons-bitte-zerkleinern-aus-alu-dibond\/","title":{"rendered":"Schild &#8211; KARTONS BITTE ZERKLEINERN &#8211; aus Alu-Dibond 17 oder 30 cm"},"content":{"rendered":"<p>\u2705 Hochwertiges und langlebiges Schild aus 3mm starkem Alu-Dibond<br \/>\n\u2705 Geeignet f\u00fcr den Au\u00dfen- und Inneneinsatz<br \/>\n\u2705 Hergestellt und gestaltet in Deutschland<br \/>\n\u2705 Versand aus Deutschland<br \/>\n\ud83d\udccf Ma\u00dfe: 170 mm x 170 mm x 3 mm oder 300 mm x 300 mm x 3 mm<\/p>\n<p><b>Hinweis zur Montage:<\/b><br \/>\nDas Schild kann sowohl mit doppelseitigem Klebeband (Verwendung im Innenbereich), als auch klassisch mit Schrauben an geeigneten Fl\u00e4chen angebracht werden. Das Schild ist NICHT vorgebohrt. Mit einem kleinen Metallbohrer lassen sich Montagel\u00f6cher jedoch leicht selbst erstellen.<\/p>\n<hr \/>\n<p>Vorallem in Mehrfamilienh\u00e4usern steht man oft vor dem Problem \u00fcberf\u00fcllter Papiertonnen, weil Kartons und Pappe nicht richtig zerkleinert oder gar &#8222;im Ganzen&#8220; in der Tonne landen. Schnell wird der Ruf nach mehr oder gr\u00f6\u00dferen Papiertonnen laut, was mit Mehrkosten f\u00fcr alle Nutzer verbunden ist. Es deshalb ist im Interesse aller Nutzer, Kartons und Pappe zu zerkleinern um den vorhandenen Platz optimal zu nutzen.<\/p>\n<p>Mit diesem hochwertigen Hinweisschild aus stabilem Aluminium-Dibond (3mm) kann man einem Papierstau in der Tonne entgegenwirken und Mitbewohner und Nachbarn dezent auf die Notwendigkeit einer Zerkleinerung hinweisen.<\/p>\n","protected":false},"excerpt":{"rendered":"<p>\u2705 Hochwertiges und langlebiges Schild aus 3mm starkem Alu-Dibond<br \/>\n\u2705 Geeignet f\u00fcr den Au\u00dfen- und Inneneinsatz<br \/>\n\u2705 Hergestellt und gestaltet in Deutschland<br \/>\n\u2705 Versand aus Deutschland<br \/>\n\ud83d\udccf Ma\u00dfe: 170 mm x 170 mm x 3 mm oder 300 mm x 300 mm x 3 mm<\/p>\n","protected":false},"featured_media":53,"comment_status":"open","ping_status":"closed","template":"","meta":[],"product_brand":[],"product_cat":[33],"product_tag":[],"class_list":{"0":"post-399","1":"product","2":"type-product","3":"status-publish","4":"has-post-thumbnail","6":"product_cat-schilder","8":"first","9":"instock","10":"taxable","11":"shipping-taxable","12":"product-type-grouped"},"_links":{"self":[{"href":"https:\/\/aditive.de\/shop\/wp-json\/wp\/v2\/product\/399","targetHints":{"allow":["GET"]}}],"collection":[{"href":"https:\/\/aditive.de\/shop\/wp-json\/wp\/v2\/product"}],"about":[{"href":"https:\/\/aditive.de\/shop\/wp-json\/wp\/v2\/types\/product"}],"replies":[{"embeddable":true,"href":"https:\/\/aditive.de\/shop\/wp-json\/wp\/v2\/comments?post=399"}],"wp:featuredmedia":[{"embeddable":true,"href":"https:\/\/aditive.de\/shop\/wp-json\/wp\/v2\/media\/53"}],"wp:attachment":[{"href":"https:\/\/aditive.de\/shop\/wp-json\/wp\/v2\/media?parent=399"}],"wp:term":[{"taxonomy":"product_brand","embeddable":true,"href":"https:\/\/aditive.de\/shop\/wp-json\/wp\/v2\/product_brand?post=399"},{"taxonomy":"product_cat","embeddable":true,"href":"https:\/\/aditive.de\/shop\/wp-json\/wp\/v2\/product_cat?post=399"},{"taxonomy":"product_tag","embeddable":true,"href":"https:\/\/aditive.de\/shop\/wp-json\/wp\/v2\/product_tag?post=399"}],"curies":[{"name":"wp","href":"https:\/\/api.w.org\/{rel}","templated":true}]}}