{"id":466,"date":"2022-02-09T13:53:47","date_gmt":"2022-02-09T12:53:47","guid":{"rendered":"https:\/\/aditive.de\/shop\/?post_type=product&#038;p=466"},"modified":"2024-08-13T09:31:03","modified_gmt":"2024-08-13T07:31:03","slug":"schild-gelbe-saecke-bitte-zubinden-aus-alu-dibond-30-x-30-cm","status":"publish","type":"product","link":"https:\/\/aditive.de\/shop\/produkt\/schild-gelbe-saecke-bitte-zubinden-aus-alu-dibond-30-x-30-cm\/","title":{"rendered":"Schild &#8211; GELBE S\u00c4CKE BITTE ZUBINDEN &#8211; aus Alu-Dibond 30 x 30 cm"},"content":{"rendered":"<p>\u2705 Hochwertiges und langlebiges Schild aus 3mm starkem Alu-Dibond<br \/>\n\u2705 Geeignet f\u00fcr den Au\u00dfen- und Inneneinsatz<br \/>\n\u2705 Hergestellt und gestaltet in Deutschland<br \/>\n\u2705 Versand aus Deutschland<br \/>\n\ud83d\udccf Ma\u00dfe: 300 mm x 300 mm x 3 mm<\/p>\n<p><b>Hinweis zur Montage:<\/b><br \/>\nDas Schild kann sowohl mit doppelseitigem Klebeband (Verwendung im Innenbereich), als auch klassisch mit Schrauben an geeigneten Fl\u00e4chen angebracht werden. Das Schild ist NICHT vorgebohrt. Mit einem kleinen Metallbohrer lassen sich Montagel\u00f6cher jedoch leicht selbst erstellen.<\/p>\n<hr \/>\n<p>M\u00fcll trennen ist wichtig und gar nicht schwer. Wenn keine gelben Tonnen vorhanden sind, werden gelbe S\u00e4cke eingesetzt um Verpackungsm\u00fcll zu sammeln. Oft wird dabei &#8222;vergessen&#8220; die vollen S\u00e4cke gut zuzubinden. Vorallem an windigen Tagen fliegen dann leider schon mal Joghurtbecher und Plastikt\u00fcten auf den Stra\u00dfen und Gehwegen umher&#8230;<\/p>\n<p>Mit diesem hochwertigen Hinweisschild aus stabilem Aluminium-Dibond (3mm) kann man Mitbewohner und Nachbarn dezent darauf hinweisen, die gelben S\u00e4cke bitte zuzubinden.<\/p>\n","protected":false},"excerpt":{"rendered":"<p>\u2705 Hochwertiges und langlebiges Schild aus 3mm starkem Alu-Dibond<br \/>\n\u2705 Geeignet f\u00fcr den Au\u00dfen- und Inneneinsatz<br \/>\n\u2705 Hergestellt und gestaltet in Deutschland<br \/>\n\u2705 Versand aus Deutschland<br \/>\n\ud83d\udccf Ma\u00dfe: 300 mm x 300 mm x 3 mm<\/p>\n","protected":false},"featured_media":464,"comment_status":"open","ping_status":"closed","template":"","meta":[],"product_brand":[],"product_cat":[33],"product_tag":[],"class_list":{"0":"post-466","1":"product","2":"type-product","3":"status-publish","4":"has-post-thumbnail","6":"product_cat-schilder","8":"first","9":"instock","10":"taxable","11":"shipping-taxable","12":"purchasable","13":"product-type-simple"},"_links":{"self":[{"href":"https:\/\/aditive.de\/shop\/wp-json\/wp\/v2\/product\/466","targetHints":{"allow":["GET"]}}],"collection":[{"href":"https:\/\/aditive.de\/shop\/wp-json\/wp\/v2\/product"}],"about":[{"href":"https:\/\/aditive.de\/shop\/wp-json\/wp\/v2\/types\/product"}],"replies":[{"embeddable":true,"href":"https:\/\/aditive.de\/shop\/wp-json\/wp\/v2\/comments?post=466"}],"wp:featuredmedia":[{"embeddable":true,"href":"https:\/\/aditive.de\/shop\/wp-json\/wp\/v2\/media\/464"}],"wp:attachment":[{"href":"https:\/\/aditive.de\/shop\/wp-json\/wp\/v2\/media?parent=466"}],"wp:term":[{"taxonomy":"product_brand","embeddable":true,"href":"https:\/\/aditive.de\/shop\/wp-json\/wp\/v2\/product_brand?post=466"},{"taxonomy":"product_cat","embeddable":true,"href":"https:\/\/aditive.de\/shop\/wp-json\/wp\/v2\/product_cat?post=466"},{"taxonomy":"product_tag","embeddable":true,"href":"https:\/\/aditive.de\/shop\/wp-json\/wp\/v2\/product_tag?post=466"}],"curies":[{"name":"wp","href":"https:\/\/api.w.org\/{rel}","templated":true}]}}